{"id":379,"date":"2023-10-21T15:49:45","date_gmt":"2023-10-21T12:49:45","guid":{"rendered":"https:\/\/navis.owlwebsolutions.com\/?page_id=379"},"modified":"2023-12-08T22:53:01","modified_gmt":"2023-12-08T19:53:01","slug":"about-us","status":"publish","type":"page","link":"https:\/\/navis-tour.com\/try\/about-us\/","title":{"rendered":"About Us"},"content":{"rendered":"<div data-elementor-type=\"wp-page\" data-elementor-id=\"379\" class=\"elementor elementor-379\">\n\t\t\t\t\t\t\t\t\t<section class=\"elementor-section elementor-top-section elementor-element elementor-element-4c5f17c2 elementor-section-full_width elementor-section-height-default elementor-section-height-default\" data-id=\"4c5f17c2\" data-element_type=\"section\">\n\t\t\t\t\t\t<div class=\"elementor-container elementor-column-gap-default\">\n\t\t\t\t\t<div class=\"elementor-column elementor-col-100 elementor-top-column elementor-element elementor-element-5d19215a\" data-id=\"5d19215a\" data-element_type=\"column\">\n\t\t\t<div class=\"elementor-widget-wrap elementor-element-populated\">\n\t\t\t\t\t\t\t\t<div class=\"elementor-element elementor-element-66dee63f elementor-widget elementor-widget-image\" data-id=\"66dee63f\" data-element_type=\"widget\" data-settings=\"{&quot;motion_fx_motion_fx_scrolling&quot;:&quot;yes&quot;,&quot;motion_fx_translateY_effect&quot;:&quot;yes&quot;,&quot;motion_fx_translateY_speed&quot;:{&quot;unit&quot;:&quot;px&quot;,&quot;size&quot;:3.2,&quot;sizes&quot;:[]},&quot;motion_fx_translateY_affectedRange&quot;:{&quot;unit&quot;:&quot;%&quot;,&quot;size&quot;:&quot;&quot;,&quot;sizes&quot;:{&quot;start&quot;:0,&quot;end&quot;:6}},&quot;motion_fx_devices&quot;:[&quot;desktop&quot;,&quot;laptop&quot;,&quot;tablet&quot;,&quot;mobile&quot;]}\" data-widget_type=\"image.default\">\n\t\t\t\t<div class=\"elementor-widget-container\">\n\t\t\t<style>\/*! elementor - v3.16.0 - 17-10-2023 *\/\n.elementor-widget-image{text-align:center}.elementor-widget-image a{display:inline-block}.elementor-widget-image a img[src$=\".svg\"]{width:48px}.elementor-widget-image img{vertical-align:middle;display:inline-block}<\/style>\t\t\t\t\t\t\t\t\t\t\t\t<img loading=\"lazy\" decoding=\"async\" width=\"1500\" height=\"611\" src=\"https:\/\/navis-tour.com\/wp-content\/uploads\/2023\/11\/about-bg.png\" class=\"attachment-full size-full wp-image-2289\" alt=\"\" srcset=\"https:\/\/navis-tour.com\/wp-content\/uploads\/2023\/11\/about-bg.png 1500w, https:\/\/navis-tour.com\/wp-content\/uploads\/2023\/11\/about-bg-300x122.png 300w, https:\/\/navis-tour.com\/wp-content\/uploads\/2023\/11\/about-bg-1024x417.png 1024w, https:\/\/navis-tour.com\/wp-content\/uploads\/2023\/11\/about-bg-768x313.png 768w\" sizes=\"auto, (max-width: 1500px) 100vw, 1500px\" \/>\t\t\t\t\t\t\t\t\t\t\t\t\t\t\t<\/div>\n\t\t\t\t<\/div>\n\t\t\t\t\t<\/div>\n\t\t<\/div>\n\t\t\t\t\t\t\t<\/div>\n\t\t<\/section>\n\t\t\t\t<section class=\"elementor-section elementor-top-section elementor-element elementor-element-77c480f4 elementor-section-boxed elementor-section-height-default elementor-section-height-default\" data-id=\"77c480f4\" data-element_type=\"section\">\n\t\t\t\t\t\t\t<div class=\"elementor-background-overlay\"><\/div>\n\t\t\t\t\t\t\t<div class=\"elementor-container elementor-column-gap-default\">\n\t\t\t\t\t<div class=\"elementor-column elementor-col-50 elementor-top-column elementor-element elementor-element-3d1caa04\" data-id=\"3d1caa04\" data-element_type=\"column\">\n\t\t\t<div class=\"elementor-widget-wrap elementor-element-populated\">\n\t\t\t\t\t\t\t\t<div class=\"elementor-element elementor-element-51c84405 elementor-widget elementor-widget-heading\" data-id=\"51c84405\" data-element_type=\"widget\" data-widget_type=\"heading.default\">\n\t\t\t\t<div class=\"elementor-widget-container\">\n\t\t\t<style>\/*! elementor - v3.16.0 - 17-10-2023 *\/\n.elementor-heading-title{padding:0;margin:0;line-height:1}.elementor-widget-heading .elementor-heading-title[class*=elementor-size-]>a{color:inherit;font-size:inherit;line-height:inherit}.elementor-widget-heading .elementor-heading-title.elementor-size-small{font-size:15px}.elementor-widget-heading .elementor-heading-title.elementor-size-medium{font-size:19px}.elementor-widget-heading .elementor-heading-title.elementor-size-large{font-size:29px}.elementor-widget-heading .elementor-heading-title.elementor-size-xl{font-size:39px}.elementor-widget-heading .elementor-heading-title.elementor-size-xxl{font-size:59px}<\/style><h2 class=\"elementor-heading-title elementor-size-default\">\"NAVIS TOUR\"<\/h2>\t\t<\/div>\n\t\t\t\t<\/div>\n\t\t\t\t<div class=\"elementor-element elementor-element-19ed9e2f elementor-widget elementor-widget-text-editor\" data-id=\"19ed9e2f\" data-element_type=\"widget\" data-widget_type=\"text-editor.default\">\n\t\t\t\t<div class=\"elementor-widget-container\">\n\t\t\t<style>\/*! elementor - v3.16.0 - 17-10-2023 *\/\n.elementor-widget-text-editor.elementor-drop-cap-view-stacked .elementor-drop-cap{background-color:#69727d;color:#fff}.elementor-widget-text-editor.elementor-drop-cap-view-framed .elementor-drop-cap{color:#69727d;border:3px solid;background-color:transparent}.elementor-widget-text-editor:not(.elementor-drop-cap-view-default) .elementor-drop-cap{margin-top:8px}.elementor-widget-text-editor:not(.elementor-drop-cap-view-default) .elementor-drop-cap-letter{width:1em;height:1em}.elementor-widget-text-editor .elementor-drop-cap{float:left;text-align:center;line-height:1;font-size:50px}.elementor-widget-text-editor .elementor-drop-cap-letter{display:inline-block}<\/style>\t\t\t\t<p>\u015firketi 2022 y\u0131l\u0131nda T\u00fcrkiye\u2019de net bir misyonla kuruldu: m\u00fc\u015fterilere ki\u015fiye \u00f6zel ve y\u00fcksek kaliteli bir tatil sunmak. \u201cYelkenini yenili\u011fe a\u00e7!\u201d slogan\u0131m\u0131z ana hedefimizi \u00f6zetlemektedir \u2013 m\u00fc\u015fterilere yeni f\u0131rsatlar\u0131 ke\u015ffetmelerine, unutulmaz anlar ya\u015famalar\u0131na ve bizimle seyahat ederken benzersiz an\u0131lar olu\u015fturmalar\u0131na yard\u0131mc\u0131 olmak.<\/p><p>Bir di\u011fer \u00f6nemli amac\u0131m\u0131z, misafirlerin tatillerini organize etmek i\u00e7in harcad\u0131klar\u0131 zaman\u0131 ve \u00e7abay\u0131 azaltmakt\u0131r. G\u00fcn\u00fcm\u00fcz d\u00fcnyas\u0131nda zaman\u0131n de\u011ferli bir kaynak oldu\u011funu biliyoruz. M\u00fc\u015fterilerimizin yapmas\u0131 gereken tek \u015fey bize isteklerini belirtmektir, geri kalan her \u015fey bizim sorumlulu\u011fumuzdad\u0131r. Seyahat organizasyonunu, rezervasyonunu, rota planlamas\u0131n\u0131, aktivite se\u00e7imini ve seyahatin di\u011fer bir\u00e7ok y\u00f6n\u00fcn\u00fc \u00fcstleniyoruz, b\u00f6ylece misafirler sadece en \u00f6nemli \u015feye, an\u0131n tad\u0131n\u0131 \u00e7\u0131karmaya odaklanabilirler.<\/p>\t\t\t\t\t\t<\/div>\n\t\t\t\t<\/div>\n\t\t\t\t\t<\/div>\n\t\t<\/div>\n\t\t\t\t<div class=\"elementor-column elementor-col-50 elementor-top-column elementor-element elementor-element-34731c23\" data-id=\"34731c23\" data-element_type=\"column\">\n\t\t\t<div class=\"elementor-widget-wrap elementor-element-populated\">\n\t\t\t\t\t\t\t\t<div class=\"elementor-element elementor-element-718f81d elementor-widget elementor-widget-video\" data-id=\"718f81d\" data-element_type=\"widget\" data-settings=\"{&quot;youtube_url&quot;:&quot;https:\\\/\\\/www.youtube.com\\\/watch?v=S0EUR03cwF8&amp;t=3s&quot;,&quot;show_image_overlay&quot;:&quot;yes&quot;,&quot;image_overlay&quot;:{&quot;url&quot;:&quot;https:\\\/\\\/navis-tour.comwp-content\\\/uploads\\\/2023\\\/10\\\/main-slide.jpg&quot;,&quot;id&quot;:1678,&quot;size&quot;:&quot;&quot;,&quot;alt&quot;:&quot;&quot;,&quot;source&quot;:&quot;library&quot;},&quot;video_type&quot;:&quot;youtube&quot;,&quot;controls&quot;:&quot;yes&quot;}\" data-widget_type=\"video.default\">\n\t\t\t\t<div class=\"elementor-widget-container\">\n\t\t\t<style>\/*! elementor - v3.16.0 - 17-10-2023 *\/\n.elementor-widget-video .elementor-widget-container{overflow:hidden;transform:translateZ(0)}.elementor-widget-video .elementor-wrapper{aspect-ratio:var(--video-aspect-ratio)}.elementor-widget-video .elementor-wrapper iframe,.elementor-widget-video .elementor-wrapper video{height:100%;width:100%;display:flex;border:none;background-color:#000}@supports not (aspect-ratio:1\/1){.elementor-widget-video .elementor-wrapper{position:relative;overflow:hidden;height:0;padding-bottom:calc(100% \/ var(--video-aspect-ratio))}.elementor-widget-video .elementor-wrapper iframe,.elementor-widget-video .elementor-wrapper video{position:absolute;top:0;right:0;bottom:0;left:0}}.elementor-widget-video .elementor-open-inline .elementor-custom-embed-image-overlay{position:absolute;top:0;right:0;bottom:0;left:0;background-size:cover;background-position:50%}.elementor-widget-video .elementor-custom-embed-image-overlay{cursor:pointer;text-align:center}.elementor-widget-video .elementor-custom-embed-image-overlay:hover .elementor-custom-embed-play i{opacity:1}.elementor-widget-video .elementor-custom-embed-image-overlay img{display:block;width:100%;aspect-ratio:var(--video-aspect-ratio);-o-object-fit:cover;object-fit:cover;-o-object-position:center center;object-position:center center}@supports not (aspect-ratio:1\/1){.elementor-widget-video .elementor-custom-embed-image-overlay{position:relative;overflow:hidden;height:0;padding-bottom:calc(100% \/ var(--video-aspect-ratio))}.elementor-widget-video .elementor-custom-embed-image-overlay img{position:absolute;top:0;right:0;bottom:0;left:0}}.elementor-widget-video .e-hosted-video .elementor-video{-o-object-fit:cover;object-fit:cover}.e-con-inner>.elementor-widget-video,.e-con>.elementor-widget-video{width:var(--container-widget-width);--flex-grow:var(--container-widget-flex-grow)}<\/style>\t\t<div class=\"elementor-wrapper elementor-open-inline\">\n\t\t\t<div class=\"elementor-video\"><\/div>\t\t\t\t<div class=\"elementor-custom-embed-image-overlay\" style=\"background-image: url(https:\/\/navis-tour.com\/wp-content\/uploads\/2023\/10\/main-slide.jpg);\">\n\t\t\t\t\t\t\t\t\t\t\t\t\t\t\t\t<div class=\"elementor-custom-embed-play\" role=\"button\" aria-label=\"Videoyu oynat\" tabindex=\"0\">\n\t\t\t\t\t\t\t<svg aria-hidden=\"true\" class=\"e-font-icon-svg e-eicon-play\" viewbox=\"0 0 1000 1000\" xmlns=\"http:\/\/www.w3.org\/2000\/svg\"><path d=\"M838 162C746 71 633 25 500 25 371 25 258 71 163 162 71 254 25 367 25 500 25 633 71 746 163 837 254 929 367 979 500 979 633 979 746 933 838 837 929 746 975 633 975 500 975 367 929 254 838 162M808 192C892 279 933 379 933 500 933 621 892 725 808 808 725 892 621 938 500 938 379 938 279 896 196 808 113 725 67 621 67 500 67 379 108 279 196 192 279 108 383 62 500 62 621 62 721 108 808 192M438 392V642L642 517 438 392Z\"><\/path><\/svg>\t\t\t\t\t\t\t<span class=\"elementor-screen-only\">Videoyu oynat<\/span>\n\t\t\t\t\t\t<\/div>\n\t\t\t\t\t\t\t\t\t<\/div>\n\t\t\t\t\t<\/div>\n\t\t\t\t<\/div>\n\t\t\t\t<\/div>\n\t\t\t\t<div class=\"elementor-element elementor-element-50ecfa5f elementor-widget elementor-widget-image\" data-id=\"50ecfa5f\" data-element_type=\"widget\" data-widget_type=\"image.default\">\n\t\t\t\t<div class=\"elementor-widget-container\">\n\t\t\t\t\t\t\t\t\t\t\t\t\t\t\t<img loading=\"lazy\" decoding=\"async\" width=\"442\" height=\"164\" src=\"https:\/\/navis-tour.com\/wp-content\/uploads\/2023\/11\/about-text-7.png\" class=\"attachment-large size-large wp-image-2556\" alt=\"\" srcset=\"https:\/\/navis-tour.com\/wp-content\/uploads\/2023\/11\/about-text-7.png 442w, https:\/\/navis-tour.com\/wp-content\/uploads\/2023\/11\/about-text-7-300x111.png 300w, https:\/\/navis-tour.com\/wp-content\/uploads\/2023\/11\/about-text-7-18x7.png 18w\" sizes=\"auto, (max-width: 442px) 100vw, 442px\" \/>\t\t\t\t\t\t\t\t\t\t\t\t\t\t\t<\/div>\n\t\t\t\t<\/div>\n\t\t\t\t<div class=\"elementor-element elementor-element-6edce4f elementor-widget elementor-widget-image\" data-id=\"6edce4f\" data-element_type=\"widget\" data-widget_type=\"image.default\">\n\t\t\t\t<div class=\"elementor-widget-container\">\n\t\t\t\t\t\t\t\t\t\t\t\t\t\t\t<img loading=\"lazy\" decoding=\"async\" width=\"442\" height=\"164\" src=\"https:\/\/navis-tour.com\/wp-content\/uploads\/2023\/12\/name-trk.png\" class=\"attachment-large size-large wp-image-5276\" alt=\"\" srcset=\"https:\/\/navis-tour.com\/wp-content\/uploads\/2023\/12\/name-trk.png 442w, https:\/\/navis-tour.com\/wp-content\/uploads\/2023\/12\/name-trk-300x111.png 300w, https:\/\/navis-tour.com\/wp-content\/uploads\/2023\/12\/name-trk-18x7.png 18w\" sizes=\"auto, (max-width: 442px) 100vw, 442px\" \/>\t\t\t\t\t\t\t\t\t\t\t\t\t\t\t<\/div>\n\t\t\t\t<\/div>\n\t\t\t\t\t<\/div>\n\t\t<\/div>\n\t\t\t\t\t\t\t<\/div>\n\t\t<\/section>\n\t\t\t\t<section class=\"elementor-section elementor-top-section elementor-element elementor-element-2edc44d elementor-section-boxed elementor-section-height-default elementor-section-height-default\" data-id=\"2edc44d\" data-element_type=\"section\" data-settings=\"{&quot;background_background&quot;:&quot;classic&quot;}\">\n\t\t\t\t\t\t\t<div class=\"elementor-background-overlay\"><\/div>\n\t\t\t\t\t\t\t<div class=\"elementor-container elementor-column-gap-default\">\n\t\t\t\t\t<div class=\"elementor-column elementor-col-100 elementor-top-column elementor-element elementor-element-53a511dd\" data-id=\"53a511dd\" data-element_type=\"column\">\n\t\t\t<div class=\"elementor-widget-wrap elementor-element-populated\">\n\t\t\t\t\t\t\t\t<div class=\"elementor-element elementor-element-3d05101 elementor-widget elementor-widget-shortcode\" data-id=\"3d05101\" data-element_type=\"widget\" data-widget_type=\"shortcode.default\">\n\t\t\t\t<div class=\"elementor-widget-container\">\n\t\t\t\t\t<div class=\"elementor-shortcode\"><iframe src=\"https:\/\/www.google.com\/maps\/embed?pb=!4v1701714685262!6m8!1m7!1sCAoSLEFGMVFpcE5HaVFoRVhFTUVDbzdZay1DcXNTa0RjUnNveDRlV3Y0bC1aXy0t!2m2!1d37.0335316!2d27.3976876!3f299.88745!4f0.11253999999999564!5f0.7820865974627469\" width=\"600\" height=\"450\" style=\"border:0;\" allowfullscreen=\"\" loading=\"lazy\" referrerpolicy=\"no-referrer-when-downgrade\"><\/iframe><\/div>\n\t\t\t\t<\/div>\n\t\t\t\t<\/div>\n\t\t\t\t\t<\/div>\n\t\t<\/div>\n\t\t\t\t\t\t\t<\/div>\n\t\t<\/section>\n\t\t\t\t<section class=\"elementor-section elementor-top-section elementor-element elementor-element-2a4184b elementor-section-boxed elementor-section-height-default elementor-section-height-default\" data-id=\"2a4184b\" data-element_type=\"section\">\n\t\t\t\t\t\t\t<div class=\"elementor-background-overlay\"><\/div>\n\t\t\t\t\t\t\t<div class=\"elementor-container elementor-column-gap-default\">\n\t\t\t\t\t<div class=\"elementor-column elementor-col-100 elementor-top-column elementor-element elementor-element-64613b5\" data-id=\"64613b5\" data-element_type=\"column\">\n\t\t\t<div class=\"elementor-widget-wrap elementor-element-populated\">\n\t\t\t\t\t\t\t\t<div class=\"elementor-element elementor-element-769aee7 elementor-widget elementor-widget-heading\" data-id=\"769aee7\" data-element_type=\"widget\" data-widget_type=\"heading.default\">\n\t\t\t\t<div class=\"elementor-widget-container\">\n\t\t\t<h2 class=\"elementor-heading-title elementor-size-default\">Hikayemiz<\/h2>\t\t<\/div>\n\t\t\t\t<\/div>\n\t\t\t\t<div class=\"elementor-element elementor-element-7b3154d elementor-widget elementor-widget-text-editor\" data-id=\"7b3154d\" data-element_type=\"widget\" data-widget_type=\"text-editor.default\">\n\t\t\t\t<div class=\"elementor-widget-container\">\n\t\t\t\t\t\t\t<p>2022 y\u0131l\u0131:<\/p><p>\u015eirket, i\u00e7 ve uluslararas\u0131 turizmde geni\u015f deneyime sahip k\u00fc\u00e7\u00fck bir tutkulu ekip ile faaliyetlerine ba\u015flad\u0131. \u0130lk y\u0131lda \u015firket, kendi gezi programlar\u0131n\u0131 aktif bir \u015fekilde geli\u015ftirdi ve T\u00fcrkiye\u2019nin \u00e7e\u015fitli b\u00f6lgelerindeki en iyi oteller, restoranlar ve turistik yerlerle i\u015fbirli\u011fi kurdu.<\/p><p>\u0130lk \u00e7al\u0131\u015fma y\u0131l\u0131nda \u201cNAVIS TOUR\u201d, di\u011fer turizm end\u00fcstrisi \u015firketlerinin sadece 5 y\u0131ll\u0131k aktif faaliyetten sonra elde edebildi\u011fi etkileyici sonu\u00e7lar\u0131 g\u00f6sterdi. Bu, ekibin tutkusunun ve i\u015fe benzersiz yakla\u015f\u0131m\u0131n\u0131n bir sonucuydu:<\/p><ul><li>H\u0131zl\u0131 m\u00fc\u015fteri taban\u0131 b\u00fcy\u00fcmesi: \u0130lk y\u0131lda \u015firket, benzersiz teklifler ve y\u00fcksek hizmet kalitesi sayesinde \u00f6nemli miktarda m\u00fc\u015fteri \u00e7ekti.<\/li><li>Sekt\u00f6r\u00fcn tan\u0131m\u0131: K\u0131sa s\u00fcrede \u015firket, turizmde en yenilik\u00e7i \u015firketlerden biri olarak turistik sekt\u00f6r\u00fcn\u00fcn tan\u0131nmas\u0131n\u0131 ald\u0131.<\/li><li>Lider oyuncularla i\u015fbirli\u011fi: \u201cNAVIS TOUR\u201d, piyasadaki \u00f6nde gelen oteller, gemi sahipleri ve tur operat\u00f6rleriyle i\u015fbirli\u011fi kurmay\u0131 ba\u015fard\u0131. Bu, \u015firketin m\u00fc\u015fterilere \u00f6zel teklifler ve en iyi hizmetlere eri\u015fim sunmas\u0131n\u0131 sa\u011flad\u0131.<\/li><li>\u00a0\u00a0\u00a0\u00a0\u00a0\u00a0\u00a0\u00a0\u00a0\u00a0\u00a0 Daimi m\u00fc\u015fterilerimiz aras\u0131nda \u00fcnl\u00fc ki\u015filikler de bulunmaktad\u0131r: \u201cNAVIS TOUR\u201d, m\u00fczik, sinema, spor y\u0131ld\u0131zlar\u0131 ve i\u015f ve siyasetin etkili temsilcileri de dahil olmak \u00fczere tan\u0131nm\u0131\u015f m\u00fc\u015fterilere hizmet etmekten onur duyar. \u015eirketimiz, onlara gizlilik garanti eder ve en y\u00fcksek konfor ve l\u00fcks standartlar\u0131na uygun unutulmaz seyahatler olu\u015fturmak i\u00e7in bireysel \u00e7\u00f6z\u00fcmler sunar.<\/li><\/ul><p>\u00a0<\/p><p>2023 y\u0131l\u0131:<\/p><p>\u015eirket b\u00fcy\u00fcmeye ve geli\u015fmeye devam ediyor. Bu y\u0131l \u201cNAVIS TOUR\u201d, hizmet yelpazesini geni\u015fleterek t\u00f6ren organizasyonlar\u0131, kurumsal etkinlikler ve yatta \u00e7ok g\u00fcnl\u00fc turlar\u0131n organizasyonunu ekledi. \u015eirket, uluslararas\u0131 turizme \u00e7\u0131kt\u0131 ve Karada\u011f gibi bir destinasyon a\u00e7t\u0131.<\/p><p>Ayr\u0131ca, her m\u00fc\u015fterinin tercihlerinin detayl\u0131 analizini yapan ve en iyi rotay\u0131 ve deneyimi olu\u015fturmak i\u00e7in bireysel \u00f6neriler sunan m\u00fc\u015fteriyle \u00e7al\u0131\u015fma konusunda uzmanla\u015fm\u0131\u015f bir departman olu\u015fturuldu.<\/p><p>Ayn\u0131 zamanda, m\u00fc\u015fterilere en y\u00fcksek hizmet kalitesini sa\u011flama ve seyahatlerinin her y\u00f6n\u00fcn\u00fcn en y\u00fcksek standartlara uygun olaca\u011f\u0131n\u0131 garanti etme amac\u0131yla hizmet kalitesi kontrol departman\u0131 kuruldu. Departman\u0131n g\u00f6revi, hizmet kalitesini s\u00fcrekli izlemek: otellerin, restoranlar\u0131n, turlar\u0131n, personelin de\u011ferlendirmesi, ayn\u0131 zamanda m\u00fc\u015fteri geri bildirimlerine h\u0131zl\u0131 tepki vermektir.<\/p><p>Bu y\u0131l \u201cNAVIS TOUR\u201d, m\u00fc\u015fteri taban\u0131n\u0131 art\u0131rmaya ve i\u015fbirli\u011fi ili\u015fkilerini derinle\u015ftirmeye devam ediyor. \u015eirket, m\u00fc\u015fterilere \u00fclkenin zengin k\u00fclt\u00fcrel ve do\u011fal miras\u0131na dalmalar\u0131n\u0131 sa\u011flayarak T\u00fcrkiye\u2019deki turizm end\u00fcstrisinde liderlerden biri haline geldi. \u0130novasyon ve benzersiz \u00e7\u00f6z\u00fcmlere olan h\u0131rs, \u015firketin faaliyetlerinin anahtar\u0131 olmaya devam ediyor.<\/p><p>\u201cNAVIS TOUR\u201d \u015firketinin misyonu de\u011fi\u015fmeden kal\u0131yor: Her m\u00fc\u015fteri i\u00e7in en iyi tatil senaryolar\u0131n\u0131 olu\u015fturmak, T\u00fcrkiye seyahatini unutulmaz ve ki\u015fiselle\u015ftirilmi\u015f yapmak.<\/p>\t\t\t\t\t\t<\/div>\n\t\t\t\t<\/div>\n\t\t\t\t<div class=\"elementor-element elementor-element-1c53deb elementor-widget elementor-widget-heading\" data-id=\"1c53deb\" data-element_type=\"widget\" data-widget_type=\"heading.default\">\n\t\t\t\t<div class=\"elementor-widget-container\">\n\t\t\t<h2 class=\"elementor-heading-title elementor-size-default\">De\u011ferlerimiz<\/h2>\t\t<\/div>\n\t\t\t\t<\/div>\n\t\t\t\t<div class=\"elementor-element elementor-element-b6b256c elementor-widget elementor-widget-text-editor\" data-id=\"b6b256c\" data-element_type=\"widget\" data-widget_type=\"text-editor.default\">\n\t\t\t\t<div class=\"elementor-widget-container\">\n\t\t\t\t\t\t\t<ul><li>Bireysellik ve Ki\u015fiselle\u015ftirme: Her m\u00fc\u015fterinin e\u015fsizli\u011fini de\u011ferli buluyor ve onlar\u0131n tercihleri ve ihtiya\u00e7lar\u0131na uygun bireysel \u00e7\u00f6z\u00fcmler sunmay\u0131 hedefliyoruz.<\/li><li>Kalite ve G\u00fcvenilirlik: Hizmetlerimizin t\u00fcm y\u00f6nleriyle y\u00fcksek kalite standard\u0131n\u0131 garanti ediyor ve m\u00fc\u015fterilerin bize olan g\u00fcvenini koruyoruz.<\/li><li>Yenilik ve Yarat\u0131c\u0131l\u0131k: Her zaman yeni fikirler ve yenilik\u00e7i yakla\u015f\u0131mlar aray\u0131\u015f\u0131 i\u00e7indeyiz, b\u00f6ylece her seyahati benzersiz ve ilgin\u00e7 k\u0131l\u0131yoruz.<\/li><li>H\u0131z ve Operasyonellik: H\u0131zl\u0131 ve etkili hizmet garanti ediyoruz, b\u00f6ylece m\u00fc\u015fterilerimiz herhangi bir gecikme olmadan tatillerine ba\u015flayabilirler.<\/li><li>Profesyonellik ve Ekip: \u00c7al\u0131\u015fanlar\u0131m\u0131z deneyimli profesyoneller olup, m\u00fc\u015fterilere yolculuklar\u0131 s\u0131ras\u0131nda ve sonras\u0131nda m\u00fcmk\u00fcn olan en iyi hizmeti ve deste\u011fi sa\u011flamaya haz\u0131r, birbirine s\u0131k\u0131 s\u0131k\u0131ya ba\u011fl\u0131 bir ekiptir.<\/li><\/ul>\t\t\t\t\t\t<\/div>\n\t\t\t\t<\/div>\n\t\t\t\t\t<\/div>\n\t\t<\/div>\n\t\t\t\t\t\t\t<\/div>\n\t\t<\/section>\n\t\t\t\t\t\t\t<\/div>","protected":false},"excerpt":{"rendered":"<p>\u041a\u043e\u043c\u043f\u0430\u043d\u0438\u044f &#171;NAVIS TOUR&#187; \u0431\u044b\u043b\u0430 \u043e\u0441\u043d\u043e\u0432\u0430\u043d\u0430 \u0432 2022 \u0433\u043e\u0434\u0443 \u0432 \u0422\u0443\u0440\u0446\u0438\u0438 \u0441 \u043e\u0434\u043d\u043e\u0439 \u044f\u0440\u043a\u043e \u0432\u044b\u0440\u0430\u0436\u0435\u043d\u043d\u043e\u0439 \u043c\u0438\u0441\u0441\u0438\u0435\u0439: \u043f\u0440\u0435\u0434\u043e\u0441\u0442\u0430\u0432\u0438\u0442\u044c \u043a\u043b\u0438\u0435\u043d\u0442\u0430\u043c \u0438\u043d\u0434\u0438\u0432\u0438\u0434\u0443\u0430\u043b\u044c\u043d\u044b\u0439 \u0438 \u0432\u044b\u0441\u043e\u043a\u043e\u043a\u0430\u0447\u0435\u0441\u0442\u0432\u0435\u043d\u043d\u044b\u0439 \u043e\u0442\u0434\u044b\u0445. \u041d\u0430\u0448 \u0441\u043b\u043e\u0433\u0430\u043d &#171;\u0420\u0430\u0441\u043a\u0440\u043e\u0439 \u0441\u0432\u043e\u0439 \u043f\u0430\u0440\u0443\u0441 \u043d\u043e\u0432\u043e\u043c\u0443!&#187; \u0438\u043b\u043b\u044e\u0441\u0442\u0440\u0438\u0440\u0443\u0435\u0442 \u043d\u0430\u0448\u0443 \u043a\u043b\u044e\u0447\u0435\u0432\u0443\u044e \u0446\u0435\u043b\u044c &#8212; \u043f\u043e\u043c\u043e\u0447\u044c \u043a\u043b\u0438\u0435\u043d\u0442\u0430\u043c \u043e\u0442\u043a\u0440\u044b\u0432\u0430\u0442\u044c \u043f\u0435\u0440\u0435\u0434 \u0441\u043e\u0431\u043e\u0439 \u043d\u043e\u0432\u044b\u0435 \u0432\u043e\u0437\u043c\u043e\u0436\u043d\u043e\u0441\u0442\u0438, \u043f\u0435\u0440\u0435\u0436\u0438\u0432\u0430\u0442\u044c \u043d\u0435\u0437\u0430\u0431\u044b\u0432\u0430\u0435\u043c\u044b\u0435 \u043c\u043e\u043c\u0435\u043d\u0442\u044b \u0438 \u0441\u043e\u0437\u0434\u0430\u0432\u0430\u0442\u044c \u0443\u043d\u0438\u043a\u0430\u043b\u044c\u043d\u044b\u0435 \u0432\u043e\u0441\u043f\u043e\u043c\u0438\u043d\u0430\u043d\u0438\u044f \u0432\u043e \u0432\u0440\u0435\u043c\u044f \u043f\u0443\u0442\u0435\u0448\u0435\u0441\u0442\u0432\u0438\u0439 \u0441 \u043d\u0430\u043c\u0438. \u0415\u0449\u0435 \u043e\u0434\u043d\u043e\u0439 \u043d\u0430\u0448\u0435\u0439 \u0432\u0430\u0436\u043d\u043e\u0439 [&hellip;]<\/p>","protected":false},"author":1,"featured_media":0,"parent":0,"menu_order":0,"comment_status":"closed","ping_status":"closed","template":"elementor_header_footer","meta":{"footnotes":""},"class_list":["post-379","page","type-page","status-publish","hentry"],"_links":{"self":[{"href":"https:\/\/navis-tour.com\/try\/wp-json\/wp\/v2\/pages\/379","targetHints":{"allow":["GET"]}}],"collection":[{"href":"https:\/\/navis-tour.com\/try\/wp-json\/wp\/v2\/pages"}],"about":[{"href":"https:\/\/navis-tour.com\/try\/wp-json\/wp\/v2\/types\/page"}],"author":[{"embeddable":true,"href":"https:\/\/navis-tour.com\/try\/wp-json\/wp\/v2\/users\/1"}],"replies":[{"embeddable":true,"href":"https:\/\/navis-tour.com\/try\/wp-json\/wp\/v2\/comments?post=379"}],"version-history":[{"count":232,"href":"https:\/\/navis-tour.com\/try\/wp-json\/wp\/v2\/pages\/379\/revisions"}],"predecessor-version":[{"id":5279,"href":"https:\/\/navis-tour.com\/try\/wp-json\/wp\/v2\/pages\/379\/revisions\/5279"}],"wp:attachment":[{"href":"https:\/\/navis-tour.com\/try\/wp-json\/wp\/v2\/media?parent=379"}],"curies":[{"name":"wp","href":"https:\/\/api.w.org\/{rel}","templated":true}]}}